{"id":1917,"date":"2024-03-01T10:07:29","date_gmt":"2024-03-01T10:07:29","guid":{"rendered":"https:\/\/captainsupport.net\/freepylos9\/?page_id=1917"},"modified":"2024-05-20T20:36:57","modified_gmt":"2024-05-20T20:36:57","slug":"liberta-per-i-nove-incarcerati-come-capri-espiatori-per-la-strage-di-pylos","status":"publish","type":"page","link":"https:\/\/captainsupport.net\/freepylos9\/liberta-per-i-nove-incarcerati-come-capri-espiatori-per-la-strage-di-pylos\/","title":{"rendered":"Libert\u00e0 per i nove incarcerati come capri espiatori per la strage di Pylos"},"content":{"rendered":"\n<p>Nelle prime ore del mattino del 14 giugno 2023, il sovraffollato peschereccio \u201cAdriana\u201d \u00e8 affondato in acque internazionali a circa 50 miglia dal porto di Pylos, in Grecia. Centinaia di persone sono annegate mentre si trovavano sotto la sorveglianza della Guardia costiera greca (HCG). Quasi tutte le 104 persone che sono riuscite a sopravvivere sono state soccorse da uno yacht di lusso, dopo che il peschereccio era affondato. Dopo il naufragio, sono stati recuperati i corpi di 82 persone ma centinaia risultano disperse e si presume siano affondate con l\u2019imbarcazione. Nove dei sopravvissuti sono stati arrestati dalle autorit\u00e0 greche e sono stati ingiustamente accusati di essere i responsabili della tragedia. <\/p>\n\n\n\n<p>L\u2019Adriana \u00e8 partita da Tobruk, in Libia, il 7 giugno 2023, ed era diretta in Italia con oltre 750 passeggeri a bordo, per lo pi\u00f9 provenienti da Siria, Pakistan ed Egitto. (nota a) Il peschereccio era sovraffollato e in evidente difficolt\u00e0, privo di strumenti di navigazione adeguati, di un equipaggio e di attrezzature di sicurezza a bordo. Dopo una settimana di navigazione, il motore dell\u2019imbarcazione ha subito un guasto, mentre le scorte si stavano esaurendo. Prima che la barca si ribaltasse almeno due persone erano gi\u00e0 morte per disidratazione. Per far fronte a queste circostanze, il 13 giugno 2023 le persone a bordo hanno contattato Alarm Phone, segnalando che l\u2019imbarcazione si stava pericolosamente inclinando e che c\u2019era urgente bisogno di assistenza. Alarm Phone ha a sua volta informato la Guardia costiera greca, dato che il peschereccio si trovava all\u2019interno della zona di ricerca e soccorso (SAR) greca. I soccorsi, purtroppo, non sono mai arrivati. <\/p>\n\n\n\n<p>Nelle settimane e nei mesi successivi alla strage, sono continuate a emergere prove riguardo gli eventi che hanno portato al capovolgimento dell\u2019Adriana, dipingendo un quadro chiaro del ruolo della Guardia Costiera greca. Non solo l\u2019HCG non ha cercato di soccorrere l\u2019Adriana, chiaramente non idonea alla navigazione, ma per diverse ore ha ostacolato le potenziali attivit\u00e0 di soccorso da parte di altre imbarcazioni. Molti dei sopravvissuti hanno inoltre descritto come l\u2019HCG abbia attivamente messo in pericolo la vita dei passeggeri tentando di trainare l\u2019imbarcazione, il che ha probabilmente contribuito al suo affondamento. (nota b) \u00c8 stato inoltre riferito che altre autorit\u00e0 europee, pur essendo state informate della situazione di pericolo dell\u2019Adriana ore prima del naufragio, non sono mai intervenute. (1) <\/p>\n\n\n\n<p>Nonostante le prove sempre pi\u00f9 evidenti della responsabilit\u00e0 delle autorit\u00e0 greche, la colpa \u00e8 stata immediatamente attribuita alle vittime stesse. Le persone sopravvissute sono state trasferite a Kalamata, in Grecia, dove sono state detenute e isolate in un magazzino. L\u00ec, sono state sottoposte a interrogatori da parte delle autorit\u00e0, prima ancora di poter accedere a un supporto legale o psicosociale. A seguito di questi interrogatori, e sulla base delle testimonianze di poche persone sopravvissute, nove di queste sono state arrestate e ingiustamente indicate come i responsabili della strage. Sono stati accusate di aver favorito l\u2019ingresso non autorizzato (\u201ctraffico\u201d), di far parte di un\u2019organizzazione criminale e di aver provocato il naufragio che ha portato alla morte di centinaia di persone. <\/p>\n\n\n\n<p>Secondo i media, le accuse si sono basate su testimonianze che indicavano che queste nove persone avevano assunto ruoli di maggiore responsabilit\u00e0 a bordo della nave, ad esempio distribuendo acqua o cercando di controllare la folla per stabilizzare l\u2019imbarcazione che si stava inclinando. (nota c) Tuttavia, sembra che le persone accusate siano esse stesse migranti che avevano pagato una notevole somma di denaro per raggiungere l\u2019Europa, proprio come le altre persone a bordo. (2) Non \u00e8 la prima volta che assistiamo a pressioni nei confronti dei passeggeri per indurli a fornire testimonianze incriminanti. \u00c8 importante notare che nessuno dei nove uomini arrestati \u00e8 stato identificato dagli altri passeggeri come parte dell\u2019equipaggio o come persone che hanno lucrato sul viaggio. (nota d) <\/p>\n\n\n\n<p>Attualmente gli accusati sono detenuti in custodia cautelare in due diverse carceri greche: otto a Nauplia e uno ad Avlona. L\u2019indagine del giudice inquirente \u00e8 ancora in corso e non \u00e8 ancora stata fissata una data per il processo, che prevediamo non avere luogo prima della primavera del 2024. Gli avvocati d\u2019ufficio hanno chiesto il rilascio dei sopravvissuti traumatizzati dalla custodia cautelare, ma la richiesta \u00e8 stata respinta. La difesa degli imputati \u00e8 stata assunta da un gruppo di sette avvocati penalisti esperti, tra cui quelli dello Human Rights Legal Project-Samos e del Legal Centre Lesvos. <\/p>\n\n\n\n<p>Il 13 settembre 2023, quaranta sopravvissuti al letale naufragio di Pylos hanno presentato una denuncia penale contro tutti i responsabili presso il Tribunale della Marina di Pireo. (nota e) <\/p>\n\n\n\n<p><strong>Chi deve essere ritenuto responsabile per le morti del naufragio di Pylos?<\/strong>&nbsp;<\/p>\n\n\n\n<p>Non sono le persone in cerca di sicurezza, costrette a percorrere rotte incredibilmente pericolose su imbarcazioni sovraffollate. Non sono nemmeno le reti di favoreggiatori che approfittano di questa situazione: esse sono un sintomo, non la radice del problema. Il vero colpevole \u00e8 la Fortezza Europa, che nel desiderio di controllare la migrazione e chiudere le frontiere stringe sporchi accordi con altri governi autoritari. <\/p>\n\n\n\n<p>L\u2019esternalizzazione dei confini dell\u2019UE al di l\u00e0 del suo territorio, verso altri Paesi confinanti con l\u2019Unione Europea, porta solo a una maggiore violenza. Non ferma le migrazioni, ma provoca solo a pi\u00f9 morti lungo il tragitto. <\/p>\n\n\n\n<p>Negli ultimi tre anni, la Guardia costiera greca ha aumentato le pratiche di respingimento sistematico in mare, provocando pi\u00f9 violenza, morti e sparizioni. Di conseguenza, sempre pi\u00f9 persone tentano di raggiungere direttamente l\u2019Italia, accrescendo la distanza e la pericolosit\u00e0 di queste rotte. (4) I respingimenti, una delle pratiche pi\u00f9 violente e letali per impedire l\u2019attraversamento dei confini Europei, \u00e8 ormai diventata la norma in Europa e non solo. Va ricordato che gi\u00e0 il 7 luglio 2022 la Grecia \u00e8 stata condannata dalla Corte europea dei diritti dell\u2019uomo per le illegali e pericolose condotte in mare dell\u2019HCG (nota f). (5) Attualmente, sono almeno 32 le cause presentate contro la Grecia (relative a 8 operazioni di respingimento) e in attesa di una decisione presso lo stesso tribunale. (6) In questo contesto, la tragedia di Pylos emerge come l\u2019ennesimo caso di una lunga serie di omissioni di soccorso e di crimini di Stato in mare. <\/p>\n\n\n\n<p>Coloro che sopravvivono al viaggio e non vengono respinte, rischiano di essere arrestate arbitrariamente dalla Guardia Costiera e di essere casualmente accusate di aver favorito l\u2019attraversamento non autorizzato delle frontiere (\u201ctraffico\u201d). La criminalizzazione delle persone che attraversano le frontiere con imbarcazioni o in auto \u00e8 una pratica sistematica in Grecia. <\/p>\n\n\n\n<p>Secondo un recente studio di borderline-europe, pi\u00f9 di 2000 persone migranti si trovano attualmente nelle carceri greche, accusate o condannate per \u201ctraffico\u201d. (7) <\/p>\n\n\n\n<p>Nella maggior parte dei casi, gli arresti, la custodia cautelare e le udienze del processo dei cosiddetti scafisti accusati sono caratterizzati da gravi violazioni dei diritti umani, e non rispettano i principi del giusto processo, tra cui: detenzione arbitraria, violenza e coercizione, e scarso o inesistente accesso a interpreti o ad assistenza legale. Le autorit\u00e0 greche hanno messo in atto le stesse pratiche nel caso della strage di Pylos. <\/p>\n\n\n\n<p>La criminalizzazione delle persone in movimento \u00e8 spesso invisibile e la loro voce viene messa a tacere sia dalla detenzione che dalla condanna a lunghe pene. Ci\u00f2 consente alle autorit\u00e0 degli Stati dell\u2019UE di violare ulteriormente i loro diritti. Le persone in movimento, accusate di aver favorito l\u2019immigrazione irregolare, rischiano pene detentive estremamente lunghe, basate su arresti e processi arbitrari, divenendo uno dei principali bersagli della violenza del regime di frontiera. <\/p>\n\n\n\n<p>Come Captain Support Network, una rete attivista basata principalmente in Europa, siamo solidali con tutte le persone criminalizzate per il cosiddetto \u201ctraffico\u201d. <\/p>\n\n\n\n<p><strong>Chiediamo di: <\/strong><\/p>\n\n\n\n<p>\u2013 Liberare le persone arrestate come capri espiatori del naufragio di Pylos (Pylos9) <br>\u2013 Ritirare tutte le accuse contro i Pylos9 <br>\u2013 Indagare e richiedere alle autorit\u00e0 greche di rispondere delle loro responsabilit\u00e0 nel naufragio di Pylos e dei crimini contro l\u2019umanit\u00e0 ai suoi confini. <br>\u2013 Porre immediatamente fine alla violenza sistematica e letale alle frontiere. <br>\u2013 Fermare la criminalizzazione della migrazione e l\u2019incarcerazione delle persone in movimento. <br>\u2013 Libert\u00e0 di movimento per tutti &nbsp;&nbsp;<\/p>\n\n\n\n<p><strong>Firma e condividi questa dichiarazione!<\/strong>&nbsp;<br><\/p>\n\n\n\n<p>Se volete contribuire alle spese del tribunale e della rappresentanza legale, fate una donazione su questo conto: <br>Support Captain Support 3011 Bern, <br>Svizzera IBAN: CH6209000000162628066 <br>BIC\/ SWIFT: POFICHBEXXX Riferimento per il pagamento: Pylos o donate qui:&nbsp;<a href=\"https:\/\/whydonate.com\/en\/fundraising\/freedom-for-the-pylos-9-campaign\">https:\/\/whydonate.com\/en\/fundraising\/freedom-for-the-pylos-9-campaign<\/a>&nbsp;<br><\/p>\n\n\n\n<p><strong>Firmatari<\/strong>&nbsp;<\/p>\n\n\n\n<div class=\"wp-block-group is-nowrap is-layout-flex wp-container-core-group-is-layout-ad2f72ca wp-block-group-is-layout-flex\">\n<p><a href=\"https:\/\/www.abuondiritto.it\/\" target=\"_blank\" rel=\"noreferrer noopener\">A buon diritto<br><\/a><a href=\"https:\/\/abolishfrontex.org\/\" target=\"_blank\" rel=\"noreferrer noopener\">Abolish Frontex<br><\/a><a href=\"https:\/\/alarmphone.org\/en\/\" target=\"_blank\" rel=\"noreferrer noopener\">Alarm Phone<br><\/a><a href=\"https:\/\/www.allincluded.nl\/\" target=\"_blank\" rel=\"noreferrer noopener\">All included<\/a><br><a href=\"https:\/\/www.almacommunity.org\/\">Alma Community Holistic Therapies<\/a><br><a href=\"https:\/\/en.asgi.it\/\">ASGI Associazione per gli Studi Giuridici sull\u2019Immigrazione<strong><br><\/strong><\/a><a href=\"https:\/\/baobabexperience.org\/\" target=\"_blank\" rel=\"noreferrer noopener\">Baobab Experience<br><\/a><a href=\"https:\/\/www.facebook.com\/birlikteyasamakistiyoruz\/\" target=\"_blank\" rel=\"noreferrer noopener\">Birlikte Ya\u015famak \u0130stiyoruz \u0130nisiyatifi<br><\/a><a href=\"https:\/\/www.borderforensics.org\/\" target=\"_blank\" rel=\"noreferrer noopener\">Border Forensics<br><\/a><a href=\"https:\/\/borderviolence.eu\/\" target=\"_blank\" rel=\"noreferrer noopener\">Border Violence Monitoring Network (BVMN)<br><\/a><a href=\"https:\/\/www.borderline-europe.de\/?l=en\" target=\"_blank\" rel=\"noreferrer noopener\">Borderline-europe<br><\/a><a href=\"https:\/\/www.facebook.com\/CPTLesvos\/\" target=\"_blank\" rel=\"noreferrer noopener\">CPT \u2013 Aegean Migrants Solidarity<br><\/a><a href=\"https:\/\/cantevictsolidarityenglish.noblogs.org\/\" target=\"_blank\" rel=\"noreferrer noopener\">Can\u2019t Evict Solidarity<\/a><br><a href=\"https:\/\/www.compasscollect.com\/\">Compass Collective<br><\/a><a href=\"https:\/\/debordercollective.org\/\" target=\"_blank\" rel=\"noreferrer noopener\">de:border \/\/ migration justice collective<br><\/a><a href=\"https:\/\/eldh.eu\/\" data-type=\"link\" data-id=\"https:\/\/eldh.eu\/\" target=\"_blank\" rel=\"noreferrer noopener\">European Lawyers for Democracy and Human Rights (ELDH)<br><\/a><a href=\"https:\/\/feministresearch.org\/\" target=\"_blank\" rel=\"noreferrer noopener\">Feminist Autonomous Centre for research (FAC)<br><\/a><a href=\"https:\/\/forensic-architecture.org\/programme\/exhibitions\/forensis\" target=\"_blank\" rel=\"noreferrer noopener\">Forensis e.V<br><\/a><a href=\"https:\/\/www.freehumanitarians.org\/\" target=\"_blank\" rel=\"noreferrer noopener\">Free Humanitarians<br><\/a><a href=\"https:\/\/elhiblu3.info\/\" target=\"_blank\" rel=\"noreferrer noopener\">Free the El Hiblu 3<\/a><br><a href=\"https:\/\/gruppomelitea.wordpress.com\/\" target=\"_blank\" rel=\"noreferrer noopener\">Gruppo Melitea<br><\/a><a href=\"http:\/\/Human Rights Association\/\u0130nsan Haklar\u0131 Derne\u011fi (Turkey)\" target=\"_blank\" rel=\"noreferrer noopener\">Human Rights Association\/\u0130nsan Haklar\u0131 Derne\u011fi (Turkey)<br><\/a><a href=\"https:\/\/ihd.org.tr\/en\/\" target=\"_blank\" rel=\"noreferrer noopener\">Human Rights Association Istanbul Branch<br><\/a><a href=\"https:\/\/www.humanrightslp.eu\/\" target=\"_blank\" rel=\"noreferrer noopener\">Human Rights Legal Project (HRLP)<br><\/a><a href=\"https:\/\/www.in-sightcollaborative.org\/\" target=\"_blank\" rel=\"noreferrer noopener\">In-sight Collaborative<br><\/a><a href=\"https:\/\/iuventa-crew.org\/\" target=\"_blank\" rel=\"noreferrer noopener\">iuventa \u2013 crew<br><\/a><a href=\"https:\/\/twitter.com\/AzadiJin_Cat\" target=\"_blank\" rel=\"noreferrer noopener\">La M\u00e0quia \u2013 Azad\u00ee Jin, grupo transfeminista aut\u00f3nomo<\/a><\/p>\n\n\n\n<p><a href=\"https:\/\/legalcentrelesvos.org\/\" target=\"_blank\" rel=\"noreferrer noopener\">Legal Centre Lesvos<br><\/a><a href=\"https:\/\/www.facebook.com\/legalclinic.romatre\/\" target=\"_blank\" rel=\"noreferrer noopener\">Legal Clinic on Migration and Asylum, University of Roma Tre<br><\/a><a href=\"https:\/\/lnob.net\/en\/\" target=\"_blank\" rel=\"noreferrer noopener\">Leave No One Behind<br><\/a><a href=\"https:\/\/www.lineadombra.it\/\" target=\"_blank\" rel=\"noreferrer noopener\">Linea D\u2019Ombra<br><\/a><a href=\"https:\/\/lungolarottabalcanica.wordpress.com\/\" target=\"_blank\" rel=\"noreferrer noopener\">Lungo la rotta balcanica<br><\/a><a href=\"https:\/\/www.maldusa.org\/en\/\">Maldusa<\/a><br><a href=\"https:\/\/twitter.com\/marego_vessel?lang=el\" target=\"_blank\" rel=\"noreferrer noopener\">Mare*Go<br><\/a><a href=\"https:\/\/mare-liberum.org\/en\/\" target=\"_blank\" rel=\"noreferrer noopener\">Mare Liberum<\/a><br><a href=\"https:\/\/mediterranearescue.org\/en\">Mediterranea Saving Humans<br><\/a><a href=\"https:\/\/www.meltingpot.org\/\" target=\"_blank\" rel=\"noreferrer noopener\">Melting Pot<br><\/a><a href=\"https:\/\/memoriamediterranea.org\/en\/\" target=\"_blank\" rel=\"noreferrer noopener\">Memoria Mediterranea<br><\/a><a href=\"https:\/\/migration-control.info\/\" target=\"_blank\" rel=\"noreferrer noopener\">Migration Control<\/a><br><a href=\"https:\/\/mission-lifeline.de\/en\/about-us\/\">Mission Lifeline International E.V.<br><\/a><a href=\"https:\/\/mvlouisemichel.org\/\" target=\"_blank\" rel=\"noreferrer noopener\">MV Louise Michel<br><\/a><a href=\"https:\/\/www.instagram.com\/noborderboilingpot\/\" target=\"_blank\" rel=\"noreferrer noopener\">No Border Boiling Pot<br><\/a><a href=\"https:\/\/noborderkitchenlesvos.noblogs.org\/\" target=\"_blank\" rel=\"noreferrer noopener\">No Border Kitchen<\/a><br><a href=\"https:\/\/www.instagram.com\/nomorewar_collective\/\">No More War Collective<br><\/a><a href=\"https:\/\/resqship.org\/\" target=\"_blank\" rel=\"noreferrer noopener\">RESQSHIP e.V.<br><\/a><a href=\"https:\/\/smh.eus\/\" target=\"_blank\" rel=\"noreferrer noopener\">Salvamento Mar\u00edtimo Humanitario<br><\/a><a href=\"https:\/\/www.seebruecke.org\/en\" target=\"_blank\" rel=\"noreferrer noopener\">Seebrucke<br><\/a><a href=\"https:\/\/sea-watch.org\/en\/\" target=\"_blank\" rel=\"noreferrer noopener\">Sea-Watch<br><\/a><a href=\"https:\/\/sos-humanity.org\/en\/sos-humanity\/\" target=\"_blank\" rel=\"noreferrer noopener\">SOS Humanity<br><\/a><a href=\"https:\/\/djs-jds.ch\/de\/djs\/pushback-litigation-fund\/2018-swiss-democratic-lawyers-pushback-litigation-support-fund\" target=\"_blank\" rel=\"noreferrer noopener\">Swiss Democratic Lawyer (DJS-JDS-GDS)<\/a><br><a href=\"https:\/\/therighttobe.mystrikingly.com\/\">The Right to Be<br><\/a><a href=\"https:\/\/www.wuerzburg-solidarisch.de\/\" target=\"_blank\" rel=\"noreferrer noopener\">W\u00fcrzburg Solidarisch e.V<br><\/a><a href=\"https:\/\/www.yabastabologna.com\/\" target=\"_blank\" rel=\"noreferrer noopener\">YaBasta Bologna<\/a><\/p>\n<\/div>\n\n\n\n<p><em><strong>Nota a<\/strong>: pi\u00e8 di pagina a: La barca aveva tre ponti: uno inferiore, uno intermedio e uno superiore. Tutti erano stipati di persone. Circa 100 donne e bambini si trovavano in una stanza separata e sorvegliata nella parte anteriore del ponte intermedio. Nessuno di loro \u00e8 sopravvissuto.<\/em>&nbsp;<br><em><strong>Nota b<\/strong>: Sebbene l\u2019Aigaion Pelagos, una delle navi di soccorso pi\u00f9 moderne d\u2019Europa, non fosse troppo lontana dall\u2019imbarcazione in difficolt\u00e0 nel porto di Gytheio, \u00e8 stato invece inviato un elicottero dalla lontana Lesbo. Nonostante le autorit\u00e0 italiane e FRONTEX avessero informato l\u2019HCG del caso di pericolo diverse ore prima, non \u00e8 stata lanciata alcuna operazione di salvataggio adeguata.<\/em>&nbsp;<br><em><strong>Nota c<\/strong>: Vale la pena notare che i passeggeri che hanno accusato i 9 co-passeggeri provengono dalla Siria e dal Pakistan, mentre gli accusati sono tutti egiziani.<\/em>&nbsp;<br><em><strong>Nota d<\/strong>: Molti dei sopravvissuti durante le interviste hanno fatto i nomi di coloro che hanno tratto profitto dal viaggio mortale, confermando che nessuno di loro era a bordo della nave. In Pakistan, 14 persone che potrebbero essere state coinvolte nell\u2019organizzazione della traversata sono state arrestate poco dopo il disastro. In Egitto, per questo caso, il pubblico ministero ha accusato 37 persone (soprattutto libiche) di far parte di un\u2019organizzazione criminale. Per maggiori informazioni sulle indagini relative alle strutture che si celano dietro questo caso, consultare il sito:&nbsp;<\/em><a href=\"https:\/\/www.lighthousereports.com\/investigation\/smuggler-warlord-eu-ally\/\"><em>https:\/\/www.lighthousereports.com\/investigation\/smuggler-warlord-eu-ally\/<\/em><\/a>&nbsp;<br><em><strong>Nota e:<\/strong> I sopravvissuti, rappresentati dal Network for Refugees and Migrant Rights, l\u2019Helleniic League for Human Rights (HLHR), dal Greek Council for Refugees (GCR), dall\u2019Iniziativa degli avvocati e dei giuristi per il naufragio di Pylos e dal Refugee Support Aegean (RSA), denunciano una serie di violazioni degli obblighi delle autorit\u00e0 greche per tutelare le vite di coloro che si trovavano a bordo e chiedono un\u2019indagine approfondita sulle circostanze del naufragio pi\u00f9 mortale avvenuto nel Mediterraneo negli ultimi anni.<\/em>&nbsp;<br><em><strong>Nota f:<\/strong> In un naufragio al largo dell\u2019isola di Farmakonisi, il 20 gennaio 2014, un\u2019imbarcazione della Guardia Costiera greca ha causato la morte di undici donne e bambini, trainando pericolosamente l\u2019imbarcazione che trasportava 28 afghani e siriani, in un\u2019operazione che i sopravvissuti descrivono come un respingimento.<\/em>&nbsp;<\/p>\n\n\n\n<p>(1)&nbsp;<a href=\"https:\/\/counter-investigations.org\/investigation\/the-pylos-shipwreck\">https:\/\/counter-investigations.org\/investigation\/the-pylos-shipwreck<\/a>&nbsp;<br>(2)&nbsp;<a href=\"https:\/\/www.bbc.com\/news\/world-europe-66154654\">https:\/\/www.bbc.com\/news\/world-europe-66154654<\/a>,&nbsp;<a href=\"https:\/\/www.zeit.de\/2023\/31\/seenotrettung-gefluechtete-mittelmeer-griechenland\/seite-3\">https:\/\/www.zeit.de\/2023\/31\/seenotrettung-gefluechtete-mittelmeer-griechenland\/seite-3<\/a>&nbsp;<br>(3)&nbsp;&nbsp;<a href=\"https:\/\/justice4pylos.org\/2023\/09\/40-survivors-of-the-pylos-shipwreck-file-a-criminal-complaint-before-the-naval-court-of-piraeus-14-9-2023\/?fbclid=IwAR24oftPPlpN9WuceSwoKIFkJMT_cfLMETO1dKi_62EIhGSd3iibZGCvJHM\">https:\/\/justice4pylos.org\/2023\/09\/40-survivors-of-the-pylos-shipwreck-file-a-criminal-complaint-before-the-naval-court-of-piraeus-14-9-2023\/?fbclid=IwAR24oftPPlpN9WuceSwoKIFkJMT_cfLMETO1dKi_62EIhGSd3iibZGCvJHM<\/a>&nbsp;<br>(4)&nbsp;<a href=\"https:\/\/aegean.forensic-architecture.org\/\">https:\/\/aegean.forensic-architecture.org<\/a>;&nbsp;<a href=\"https:\/\/legalcentrelesvos.org\/2021\/02\/01\/crimesagainstumanityintheaegean\/\">https:\/\/legalcentrelesvos.org\/2021\/02\/01\/crimesagainstumanityintheaegean\/<\/a>. <br>(5)&nbsp;<a href=\"https:\/\/www.refworld.org\/cases,ECHR,62de68304.html\">https:\/\/www.refworld.org\/cases,ECHR,62de68304.html<\/a>&nbsp;<br>(6)&nbsp;<a href=\"https:\/\/legalcentrelesvos.org\/2021\/12\/22\/european-court-of-human-rights-to-examine-two-cases-filed-against-greece-concerning-illegal-collective-expulsions\/\">https:\/\/legalcentrelesvos.org\/2021\/12\/22\/european-court-of-human-rights-to-examine-two-cases-filed-against-greece-concerning-illegal-collective-expulsions\/<\/a>&nbsp;<br>(7)&nbsp;<a href=\"https:\/\/www.borderline-europe.de\/sites\/default\/files\/readingtips\/criminalisation_of_migrants-study_by_borderline_europe_en.pdf\">https:\/\/www.borderline-europe.de\/sites\/default\/files\/readingtips\/criminalisation_of_migrants-study_by_borderline_europe_en.pdf<\/a><\/p>\n","protected":false},"excerpt":{"rendered":"<p>Nelle prime ore del mattino del 14 giugno 2023, il sovraffollato peschereccio \u201cAdriana\u201d \u00e8 affondato in acque internazionali a circa 50 miglia dal porto di Pylos, in Grecia. Centinaia di persone sono annegate mentre si trovavano sotto la sorveglianza della Guardia costiera greca (HCG). Quasi tutte le 104 persone che sono riuscite a sopravvivere sono state soccorse&hellip;<\/p>\n","protected":false},"author":4,"featured_media":2385,"parent":0,"menu_order":0,"comment_status":"closed","ping_status":"closed","template":"","meta":{"_monsterinsights_skip_tracking":false,"_monsterinsights_sitenote_active":false,"_monsterinsights_sitenote_note":"","_monsterinsights_sitenote_category":0,"footnotes":""},"class_list":["post-1917","page","type-page","status-publish","has-post-thumbnail","hentry"],"jetpack_sharing_enabled":true,"_links":{"self":[{"href":"https:\/\/captainsupport.net\/freepylos9\/wp-json\/wp\/v2\/pages\/1917","targetHints":{"allow":["GET"]}}],"collection":[{"href":"https:\/\/captainsupport.net\/freepylos9\/wp-json\/wp\/v2\/pages"}],"about":[{"href":"https:\/\/captainsupport.net\/freepylos9\/wp-json\/wp\/v2\/types\/page"}],"author":[{"embeddable":true,"href":"https:\/\/captainsupport.net\/freepylos9\/wp-json\/wp\/v2\/users\/4"}],"replies":[{"embeddable":true,"href":"https:\/\/captainsupport.net\/freepylos9\/wp-json\/wp\/v2\/comments?post=1917"}],"version-history":[{"count":7,"href":"https:\/\/captainsupport.net\/freepylos9\/wp-json\/wp\/v2\/pages\/1917\/revisions"}],"predecessor-version":[{"id":3426,"href":"https:\/\/captainsupport.net\/freepylos9\/wp-json\/wp\/v2\/pages\/1917\/revisions\/3426"}],"wp:featuredmedia":[{"embeddable":true,"href":"https:\/\/captainsupport.net\/freepylos9\/wp-json\/wp\/v2\/media\/2385"}],"wp:attachment":[{"href":"https:\/\/captainsupport.net\/freepylos9\/wp-json\/wp\/v2\/media?parent=1917"}],"curies":[{"name":"wp","href":"https:\/\/api.w.org\/{rel}","templated":true}]}}